{"id":286,"date":"2025-05-12T13:34:05","date_gmt":"2025-05-12T11:34:05","guid":{"rendered":"https:\/\/www.mark-neugebauer.de\/?page_id=286"},"modified":"2025-05-22T12:49:50","modified_gmt":"2025-05-22T10:49:50","slug":"presse","status":"publish","type":"page","link":"https:\/\/www.mark-neugebauer.de\/?page_id=286","title":{"rendered":"presse"},"content":{"rendered":"\n<h5 class=\"wp-block-heading\"><mark style=\"background-color:rgba(0, 0, 0, 0);color:#cf2e2e\" class=\"has-inline-color\">wechsel zu hit radio n1<\/mark> <\/h5>\n\n\n\n<p class=\"has-tiny-font-size\"><a href=\"https:\/\/www.t-online.de\/region\/nuernberg\/id_100733124\/nuernberg-moderator-mark-neugebauer-verlaesst-hit-radio-n1-.html\" target=\"_blank\" rel=\"noreferrer noopener\">Beliebter Moderator weg: Schon wieder ein Aus bei &#8222;Hit Radio N1&#8220;: t-online.de | 21.05.2025<\/a><\/p>\n\n\n\n<p class=\"has-tiny-font-size\"><a href=\"https:\/\/www.nordbayern.de\/franken\/nuernberg\/ich-war-extrem-schockiert-plotzliches-aus-fur-flo-kerschner-nachfolger-mark-neugebauer-bei-n1-1.14687936\" target=\"_blank\" rel=\"noreferrer noopener\">\u201eIch war extrem schockiert\u201c: Pl\u00f6tzliches Aus f\u00fcr Flo-Kerschner-Nachfolger Mark Neugebauer bei N1 &#8211; nordbayern.de | 14.05.2025<\/a><\/p>\n\n\n\n<p class=\"has-tiny-font-size\"><a href=\"https:\/\/www.nn.de\/nuernberg\/neue-morningshow-diese-beiden-moderatoren-wecken-kunftig-nurnberg-auf-1.14528943\" target=\"_blank\" rel=\"noreferrer noopener\">Neue Morningshow: Diese beiden Moderatoren wecken k\u00fcnftig N\u00fcrnberg auf &#8211; NN.de | 02.01.2025<\/a><\/p>\n\n\n\n<p class=\"has-tiny-font-size\"><a href=\"https:\/\/www.radioszene.de\/197465\/hit-radio-n1-sara-mark-am-morgen.html\">Hit Radio N1 startet \u201eSara &amp; Mark am Morgen\u201c &#8211; RADIOSZENE | 02.01.2025<\/a><\/p>\n\n\n\n<h5 class=\"wp-block-heading\"><mark style=\"background-color:rgba(0, 0, 0, 0);color:#cf2e2e\" class=\"has-inline-color\">letzte show bei energy<\/mark><\/h5>\n\n\n\n<p class=\"has-tiny-font-size\"><a href=\"https:\/\/www.nn.de\/nuernberg\/emotionales-aus-nach-22-jahren-dieser-energy-nurnberg-morningshow-moderator-hort-jetzt-auf-1.14498901\" data-type=\"link\" data-id=\"https:\/\/www.nn.de\/nuernberg\/emotionales-aus-nach-22-jahren-dieser-energy-nurnberg-morningshow-moderator-hort-jetzt-auf-1.14498901\" target=\"_blank\" rel=\"noreferrer noopener\">Emotionales Aus nach 22 Jahren: Dieser Energy N\u00fcrnberg Morningshow-Moderator h\u00f6rt jetzt auf &#8211; NN.de | 02.12.2024<\/a><\/p>\n\n\n\n<p class=\"has-tiny-font-size\"><a href=\"https:\/\/www.nordbayern.de\/franken\/nuernberg\/emotionales-aus-fur-morning-show-bei-energy-nurnberg-radio-urgestein-hort-nach-22-jahren-auf-1.14498857#google_vignette\" target=\"_blank\" rel=\"noreferrer noopener\">Emotionales Aus f\u00fcr Morning-Show bei Energy N\u00fcrnberg: Radio-Urgestein h\u00f6rt nach 22 Jahren auf &#8211; nordbayern.de | 30.11.2024<\/a><\/p>\n\n\n\n<h5 class=\"wp-block-heading\"><mark style=\"background-color:rgba(0, 0, 0, 0);color:#cf2e2e\" class=\"has-inline-color\">yase &amp; mark erfinden bratwurstgasse<\/mark><\/h5>\n\n\n\n<p class=\"has-tiny-font-size\"><a href=\"https:\/\/www.fleischerei.de\/radio-moderatoren-erhalten-nuernberger-bratwurstpreis-365938\/\" target=\"_blank\" rel=\"noreferrer noopener\">Radio-Moderatoren erhalten N\u00fcrnberger Bratwurstpreis &#8211; fleischerei.de | 05.07.2024<\/a><\/p>\n\n\n\n<p class=\"has-tiny-font-size\"><a href=\"https:\/\/www.sueddeutsche.de\/bayern\/nuernberg-bratwurstgasse-bratwurstmuseum-glosse-1.5467177\">N\u00fcrnberg bekommt eine Bratwurstgasse &#8211; S\u00fcddeutsche Zeitung | 18.11.2021<\/a><\/p>\n\n\n\n<p class=\"has-tiny-font-size\"><a href=\"https:\/\/www.merkur.de\/bayern\/nuernberg\/nuernberg-bayern-bratwurst-museum-bratwurstgasse-zr-91052615.html\" target=\"_blank\" rel=\"noreferrer noopener\">N\u00fcrnbergs Wirtschaftsreferent ist \u201ewirklich gl\u00fccklich\u201c &#8211; die Stadt bekommt eine Bratwurstgasse &#8211; merkur.de | 14.10.2021<\/a><\/p>\n","protected":false},"excerpt":{"rendered":"<p>wechsel zu hit radio n1 Beliebter Moderator weg: Schon wieder ein Aus bei &#8222;Hit Radio N1&#8220;: t-online.de | 21.05.2025 \u201eIch war extrem schockiert\u201c: Pl\u00f6tzliches Aus f\u00fcr Flo-Kerschner-Nachfolger Mark Neugebauer bei N1 &#8211; nordbayern.de | 14.05.2025 Neue Morningshow: Diese beiden Moderatoren wecken k\u00fcnftig N\u00fcrnberg auf &#8211; NN.de | 02.01.2025 Hit Radio N1 startet \u201eSara &amp; Mark [&hellip;]<\/p>\n","protected":false},"author":1,"featured_media":0,"parent":0,"menu_order":0,"comment_status":"closed","ping_status":"closed","template":"","meta":{"footnotes":""},"class_list":["post-286","page","type-page","status-publish","hentry"],"_links":{"self":[{"href":"https:\/\/www.mark-neugebauer.de\/index.php?rest_route=\/wp\/v2\/pages\/286","targetHints":{"allow":["GET"]}}],"collection":[{"href":"https:\/\/www.mark-neugebauer.de\/index.php?rest_route=\/wp\/v2\/pages"}],"about":[{"href":"https:\/\/www.mark-neugebauer.de\/index.php?rest_route=\/wp\/v2\/types\/page"}],"author":[{"embeddable":true,"href":"https:\/\/www.mark-neugebauer.de\/index.php?rest_route=\/wp\/v2\/users\/1"}],"replies":[{"embeddable":true,"href":"https:\/\/www.mark-neugebauer.de\/index.php?rest_route=%2Fwp%2Fv2%2Fcomments&post=286"}],"version-history":[{"count":11,"href":"https:\/\/www.mark-neugebauer.de\/index.php?rest_route=\/wp\/v2\/pages\/286\/revisions"}],"predecessor-version":[{"id":315,"href":"https:\/\/www.mark-neugebauer.de\/index.php?rest_route=\/wp\/v2\/pages\/286\/revisions\/315"}],"wp:attachment":[{"href":"https:\/\/www.mark-neugebauer.de\/index.php?rest_route=%2Fwp%2Fv2%2Fmedia&parent=286"}],"curies":[{"name":"wp","href":"https:\/\/api.w.org\/{rel}","templated":true}]}}

<h5 class="wp-block-heading"><mark style="background-color:rgba(0, 0, 0, 0);color:#cf2e2e" class="has-inline-color">wechsel zu hit radio n1</mark> </h5>



<p class="has-tiny-font-size"><a href="https://www.t-online.de/region/nuernberg/id_100733124/nuernberg-moderator-mark-neugebauer-verlaesst-hit-radio-n1-.html" target="_blank" rel="noreferrer noopener">Beliebter Moderator weg: Schon wieder ein Aus bei &#8222;Hit Radio N1&#8220;: t-online.de | 21.05.2025</a></p>



<p class="has-tiny-font-size"><a href="https://www.nordbayern.de/franken/nuernberg/ich-war-extrem-schockiert-plotzliches-aus-fur-flo-kerschner-nachfolger-mark-neugebauer-bei-n1-1.14687936" target="_blank" rel="noreferrer noopener">„Ich war extrem schockiert“: Plötzliches Aus für Flo-Kerschner-Nachfolger Mark Neugebauer bei N1 &#8211; nordbayern.de | 14.05.2025</a></p>



<p class="has-tiny-font-size"><a href="https://www.nn.de/nuernberg/neue-morningshow-diese-beiden-moderatoren-wecken-kunftig-nurnberg-auf-1.14528943" target="_blank" rel="noreferrer noopener">Neue Morningshow: Diese beiden Moderatoren wecken künftig Nürnberg auf &#8211; NN.de | 02.01.2025</a></p>



<p class="has-tiny-font-size"><a href="https://www.radioszene.de/197465/hit-radio-n1-sara-mark-am-morgen.html">Hit Radio N1 startet „Sara &amp; Mark am Morgen“ &#8211; RADIOSZENE | 02.01.2025</a></p>



<h5 class="wp-block-heading"><mark style="background-color:rgba(0, 0, 0, 0);color:#cf2e2e" class="has-inline-color">letzte show bei energy</mark></h5>



<p class="has-tiny-font-size"><a href="https://www.nn.de/nuernberg/emotionales-aus-nach-22-jahren-dieser-energy-nurnberg-morningshow-moderator-hort-jetzt-auf-1.14498901" data-type="link" data-id="https://www.nn.de/nuernberg/emotionales-aus-nach-22-jahren-dieser-energy-nurnberg-morningshow-moderator-hort-jetzt-auf-1.14498901" target="_blank" rel="noreferrer noopener">Emotionales Aus nach 22 Jahren: Dieser Energy Nürnberg Morningshow-Moderator hört jetzt auf &#8211; NN.de | 02.12.2024</a></p>



<p class="has-tiny-font-size"><a href="https://www.nordbayern.de/franken/nuernberg/emotionales-aus-fur-morning-show-bei-energy-nurnberg-radio-urgestein-hort-nach-22-jahren-auf-1.14498857#google_vignette" target="_blank" rel="noreferrer noopener">Emotionales Aus für Morning-Show bei Energy Nürnberg: Radio-Urgestein hört nach 22 Jahren auf &#8211; nordbayern.de | 30.11.2024</a></p>



<h5 class="wp-block-heading"><mark style="background-color:rgba(0, 0, 0, 0);color:#cf2e2e" class="has-inline-color">yase &amp; mark erfinden bratwurstgasse</mark></h5>



<p class="has-tiny-font-size"><a href="https://www.fleischerei.de/radio-moderatoren-erhalten-nuernberger-bratwurstpreis-365938/" target="_blank" rel="noreferrer noopener">Radio-Moderatoren erhalten Nürnberger Bratwurstpreis &#8211; fleischerei.de | 05.07.2024</a></p>



<p class="has-tiny-font-size"><a href="https://www.sueddeutsche.de/bayern/nuernberg-bratwurstgasse-bratwurstmuseum-glosse-1.5467177">Nürnberg bekommt eine Bratwurstgasse &#8211; Süddeutsche Zeitung | 18.11.2021</a></p>



<p class="has-tiny-font-size"><a href="https://www.merkur.de/bayern/nuernberg/nuernberg-bayern-bratwurst-museum-bratwurstgasse-zr-91052615.html" target="_blank" rel="noreferrer noopener">Nürnbergs Wirtschaftsreferent ist „wirklich glücklich“ &#8211; die Stadt bekommt eine Bratwurstgasse &#8211; merkur.de | 14.10.2021</a></p>

<p>wechsel zu hit radio n1 Beliebter Moderator weg: Schon wieder ein Aus bei &#8222;Hit Radio N1&#8220;: t-online.de | 21.05.2025 „Ich war extrem schockiert“: Plötzliches Aus für Flo-Kerschner-Nachfolger Mark Neugebauer bei N1 &#8211; nordbayern.de | 14.05.2025 Neue Morningshow: Diese beiden Moderatoren wecken künftig Nürnberg auf &#8211; NN.de | 02.01.2025 Hit Radio N1 startet „Sara &amp; Mark [&hellip;]</p>
